+ 14. Let u = t - p. What are the prime factors of u?
2, 5
Let n(a) = a**3 - 10*a**2 - 16*a + 32. Let c be n(9). Let y = 55 - c. List the prime factors of y.
2, 31
Let f(x) = 2*x + 7. Let z be f(4). What are the prime factors of 795/(-4)*z/((-45)/8)?
2, 5, 53
Suppose 0 = -4*p + 172 + 20. Let c = -45 + p. Suppose -5*j - c*n = -n - 131, 3*j = n + 83. List the prime factors of j.
3
Let m be (-42)/189 - 112/(-18). Suppose m*z = -1422 + 4476. List the prime factors of z.
509
Let c = -6509 + 21369. List the prime factors of c.
2, 5, 743
Suppose 2*r + 434 = j, 0 = -32*j + 27*j - 3*r + 2092. What are the prime factors of j?
2, 211
What are the prime factors of (-7354)/(-8 - (2 - 8))?
3677
Suppose -9*g = 53*g - 76632. List the prime factors of g.
2, 3, 103
Let g(i) = i**2 + i - 1. Let s(d) = -3*d**2 - 12*d - 8. Let p(r) = -4*g(r) - s(r). Let b be p(8). What are the prime factors of (-1 + -3)*(-357)/b?
7, 17
Let p(f) = 218*f**2 + 2*f - 5. List the prime factors of p(-4).
5, 139
Suppose -13*k - 296 = -12*k. Let z = 159 - k. List the prime factors of z.
5, 7, 13
Let a = 197 - 90. Suppose 0*i = 2*i + z + 16, 0 = -3*i - 3*z - 21. Let t = a + i. What are the prime factors of t?
2, 7
Let u(w) = w**2 + 2*w - 63. Let d be u(7). Suppose n = -d*n + 3*p + 674, -n = 3*p - 680. What are the prime factors of n?
677
Suppose 0 = -5*v - 3*u + 394, -v + 9*u + 88 = 5*u. Suppose -4*s - 2*j - 74 + 258 = 0, -2*s - 4*j = -v. List the prime factors of s.
2, 3
What are the prime factors of (473442/(-684) + (-3)/2)*-3?
2081
Let l(y) = -287*y + 203. Let c(s) = -286*s + 202. Let f(g) = -4*c(g) + 3*l(g). What are the prime factors of f(4)?
3, 311
Let x = 31288 + -12276. List the prime factors of x.
2, 7, 97
What are the prime factors of -47*(-11 + (-77 - 5))?
3, 31, 47
Let s(c) = -c**3 + 9*c**2 + 6*c - 18. Let r = 35 + -23. Let x be (-3)/((r/28)/((-8)/7)). What are the prime factors of s(x)?
2, 47
Let i(d) = 10*d**2 + 17*d - 56. Let c be i(11). What are the prime factors of (-15)/(-3) - c/(-3)?
2, 113
Suppose -47*q - 58350 = -249358. List the prime factors of q.
2, 127
Let u(b) = 27*b**2 + 42*b - 15. Let r(a) = -a**2 + 12*a + 91. Let k be r(-5). List the prime factors of u(k).
3, 13, 31
Let n = -21 + 23. Let j be -3 + n + (-492)/((-9)/(-3)). Let i = j - -285. List the prime factors of i.
2, 3, 5
List the prime factors of (-16)/(-12)*24054/4.
2, 19, 211
Suppose 229*d - 218*d + 7502 = 0. Let o = d - -1711. List the prime factors of o.
3, 7
Suppose 12*q - 19436 = -5732. Suppose 5*g - q = 1628. List the prime factors of g.
2, 277
Suppose 0 = -4*u - 3*o + 8, -2*u - 5*o = -0*u - 4. Suppose x - 380 = -f, -4 = u*f + 2*f. Let h = x + -247. List the prime factors of h.
2, 67
Let l be (56/24)/((-28)/(-24)). Suppose -1256 = -l*w + 642. What are the prime factors of w?
13, 73
Let k be 3/(6/4)*1. Suppose 0 = -2*c + 6*l - 5*l + 1076, 4*c = -k*l + 2136. What are the prime factors of c/14 - 40/140?
2, 19
Let k = 546 + -529. Suppose 13589 + 3275 = k*c. List the prime factors of c.
2, 31
Suppose 18*d = 16*d + 2408. Suppose 0*l = -2*l - d. What are the prime factors of (-103372)/l + (1 - (-10)/(-14))?
2, 43
Let l(b) = 213*b**2 - 3*b - 9. List the prime factors of l(9).
3, 1913
Suppose 45*w - 25*w = 97200. Suppose -w - 6438 = -7*o. List the prime factors of o.
2, 3, 269
Let r(a) be the second derivative of 3*a**5/20 - 5*a**4/12 + 5*a**3/6 + a**2 + a. Let k be 288/768 + (-29)/(-8). What are the prime factors of r(k)?
2, 67
Let w = 978 + -973. Suppose a = j + w*a - 333, 0 = -2*a + 4. What are the prime factors of j?
5, 13
Let p(x) = -27*x - 17. Suppose -65 = -s - 12*s. Suppose -27 = -s*n - 52. What are the prime factors of p(n)?
2, 59
Let b be (-1)/3 - 15/(-45). What are the prime factors of (59/2)/(4/40 - b)?
5, 59
Let l = 18919 - 8582. List the prime factors of l.
10337
Let u(l) = -l**2 + 46 + 27 - 66*l + 20*l. What are the prime factors of u(-30)?
7, 79
Let r(u) = -109*u + 229. Suppose 8*q + 14 + 82 = 0. What are the prime factors of r(q)?
29, 53
Let z be 540/(-24)*-2494*1. What are the prime factors of (-1)/(-2) + z/90?
2, 3, 13
Let s(b) = b**2 - 12*b + 39. Let n(v) = 3*v**2 - 22*v + 77. Let u(k) = 2*n(k) - 5*s(k). Let l be ((-78)/(1 + 2))/1. List the prime factors of u(l).
3, 73
List the prime factors of (-98 - -69)/((-1)/26).
2, 13, 29
Suppose 3*r + 3*w - 12 = 2*w, -34 = -5*r + 3*w. List the prime factors of ((-1588)/(-20))/(r/50).
2, 397
Let i(h) = 84*h**2 + 14*h + 15. What are the prime factors of i(-1)?
5, 17
Suppose 3*b + 1106 = s + 3*s, 4*b = -s + 267. Suppose -4*w + s = -5*w. List the prime factors of w/(-20) - 2 - 3/(-12).
2, 3
Let j(q) = 35*q**2 - q - 18. Let f = -339 + 335. What are the prime factors of j(f)?
2, 3, 7, 13
Suppose -22750 = -7*i - 0*i. Suppose -15*x + 6665 = -i. List the prime factors of x.
661
Let s be 4/((-16)/(-4))*-3. Let t(h) = -h**2 - 4*h. Let a be t(s). Suppose -2*w - a*w + 690 = 0. List the prime factors of w.
2, 3, 23
Let m = 1046 + -524. Suppose -2*n - 4*t = -m, 2*t = -3*t + 15. What are the prime factors of n?
3, 5, 17
Let v be -2 - (-13)/(39/126). Let t be 4/(-6)*(-40380)/v. Suppose 6*g - 239 = t. What are the prime factors of g?
2, 19
Let x(a) = 9*a**3 - 19*a**2 + 23*a + 13. Let d(l) = 2*l**3 - l**2 + 1. Let k(j) = 4*d(j) - x(j). What are the prime factors of k(11)?
2, 3, 37
Suppose 0 = 5*d - 158 - 132. Suppose -6*a + d = 4. Suppose 0 = a*u - 4*u - 775. List the prime factors of u.
5, 31
Let l be 2774/(-8) + 117/156. Let c = -324 - l. What are the prime factors of c?
2, 11
Suppose -11438 = -23*y + 4386. Let k(j) = 415*j**2 + j. Let m be k(1). Suppose 4*g + y = 4*n - m, 4*n - 3*g = 1108. What are the prime factors of n?
2, 5, 7
Let b = 221 + -218. What are the prime factors of 2*b/(-1)*-69?
2, 3, 23
Let y(w) = -2*w + 87 + w**2 - 98 - 5*w. Let n be y(9). Let a(f) = 12*f - 23. What are the prime factors of a(n)?
61
Let n be (0/(-92))/(0 + -1). Suppose 4*u + 3*g - 4236 = n, u - 2*u = -3*g - 1044. List the prime factors of u.
2, 3, 11
Let b(t) = t**2 + 190*t - 6576. List the prime factors of b(165).
3, 17333
Suppose 0 = 2359*r - 2336*r - 37996. What are the prime factors of r?
2, 7, 59
Let p(z) = 15*z**2 + 70*z - 1192. What are the prime factors of p(58)?
2, 3, 11, 101
Let n(c) = 2*c**3 - 11*c**2 + 12*c - 9. Let g be n(4). What are the prime factors of 522 - g/(27/(-15))?
11, 47
Let p(t) = 3*t**2 - 18 - 2*t**2 + 5*t - 3*t. Let o be p(4). Let c(l) = l**3 - 7*l**2 + 6*l + 8. List the prime factors of c(o).
2
Let x(p) = -140*p + 112. What are the prime factors of x(-31)?
2, 3, 7, 53
Let w be 90/(-15) - (0 - 4). What are the prime factors of 603/(-54)*-21 - (-1)/w?
2, 3, 13
Suppose 91*c = 124*c - 16434. What are the prime factors of c?
2, 3, 83
Let g = 81 - 93. List the prime factors of 565 - 0 - (-4)/g*12.
3, 11, 17
Let a = 16 - 30. Let k(o) = 14*o**2 + 27*o - 42. Let f(x) = 5*x**2 + 9*x - 15. Let s(w) = -11*f(w) + 4*k(w). What are the prime factors of s(a)?
67
Let y = 90822 + -28568. List the prime factors of y.
2, 17, 1831
Let l(p) = -p**3 + 11*p**2 - 2*p - 10. Let j be 116/(-36) + 1 + (-7)/9. Let q be (2 + j)/((-13)/104). List the prime factors of l(q).
2, 83
Let f(p) = -82*p**3 + 2*p**2 - 3. Let l be f(2). Let z = -379 - l. List the prime factors of z.
2, 17
What are the prime factors of (-76)/(-114) - 8/((-96)/851308)?
61, 1163
Let d(j) = 4 + 1 + 12 + j. Let v be d(-9). Suppose v*k + 0*k - 560 = 0. What are the prime factors of k?
2, 5, 7
Let h be 7129 + (-4)/8*-6. Suppose 0 = -45*x + 49*x - h. What are the prime factors of x?
1783
Suppose -1720 = 32*c - 36*c. Suppose 0 = -y + 4*q + c, -8*y - 5*q - 1731 = -12*y. List the prime factors of y.
2, 7, 31
Suppose -721 = 14*c - 763. Suppose 0*z + z = 3. Suppose -347 = -2*j + c*b, -b = -z*j - 0*j + 524. List the prime factors of j.
5, 7
Suppose -2*n + 1845 = -3*b, -n + 3*n - 5*b - 1847 = 0. Suppose 0 = -n*j + 922*j - 473. List the prime factors of j.
11, 43
Let z = -62 + 52. Let l = z + 62. List the prime factors of l.
2, 13
Let h = 46 - 45. Let f(y) = -h + 11*y**2 - 12 + 3*y**2 + y. What are the prime factors of f(4)?
5, 43
Suppose 35486 = 16*f - 12*f + 2*l, 6*f - 4*l = 53236. What are the prime factors of f?
2, 1109
Let c(u) = -u**3 - u**2 + 10*u - 21. Let t be c(-10). Suppose 3*d - 596 = k, -4*d + 4*k + 13 + t = 0. 